{"id":670,"date":"2023-05-19T10:14:53","date_gmt":"2023-05-19T08:14:53","guid":{"rendered":"https:\/\/segway-in-steyr.at\/sis\/?page_id=670"},"modified":"2023-05-19T10:35:42","modified_gmt":"2023-05-19T08:35:42","slug":"mams","status":"publish","type":"page","link":"https:\/\/segway-in-steyr.at\/sis\/mams\/","title":{"rendered":"mams"},"content":{"rendered":"<p>[et_pb_section fb_built=&#8220;1&#8243; _builder_version=&#8220;4.16&#8243; background_color=&#8220;#eeeeee&#8220; custom_padding=&#8220;0px||0px||false|false&#8220; global_colors_info=&#8220;{}&#8220;][et_pb_row _builder_version=&#8220;4.16&#8243; custom_margin=&#8220;0px||0px||false|false&#8220; custom_padding=&#8220;0px||0px||false|false&#8220; global_colors_info=&#8220;{}&#8220;][et_pb_column type=&#8220;4_4&#8243; _builder_version=&#8220;4.16&#8243; global_colors_info=&#8220;{}&#8220;][et_pb_image src=&#8220;https:\/\/segway-in-steyr.at\/sis\/wp-content\/uploads\/2023\/05\/MHM_flyer-mams-_23.png&#8220; title_text=&#8220;MHM_flyer-mams-_23&#8243; align=&#8220;center&#8220; force_fullwidth=&#8220;on&#8220; disabled_on=&#8220;on|off|off&#8220; _builder_version=&#8220;4.21.0&#8243; module_alignment=&#8220;center&#8220; hover_enabled=&#8220;0&#8243; global_colors_info=&#8220;{}&#8220; sticky_enabled=&#8220;0&#8243;][\/et_pb_image][\/et_pb_column][\/et_pb_row][et_pb_row _builder_version=&#8220;4.16&#8243; custom_margin=&#8220;0px||0px||false|false&#8220; custom_padding=&#8220;0px||0px||false|false&#8220; global_colors_info=&#8220;{}&#8220;][et_pb_column type=&#8220;4_4&#8243; _builder_version=&#8220;4.16&#8243; global_colors_info=&#8220;{}&#8220;][et_pb_image src=&#8220;https:\/\/segway-in-steyr.at\/sis\/wp-content\/uploads\/2023\/05\/MHM_flyer-mams-_23.png&#8220; title_text=&#8220;MHM_flyer-mams-_23&#8243; align=&#8220;center&#8220; force_fullwidth=&#8220;on&#8220; disabled_on=&#8220;off|on|on&#8220; _builder_version=&#8220;4.21.0&#8243; module_alignment=&#8220;center&#8220; hover_enabled=&#8220;0&#8243; global_colors_info=&#8220;{}&#8220; sticky_enabled=&#8220;0&#8243;][\/et_pb_image][\/et_pb_column][\/et_pb_row][\/et_pb_section][et_pb_section fb_built=&#8220;1&#8243; custom_padding_last_edited=&#8220;on|tablet&#8220; _builder_version=&#8220;4.4.8&#8243; background_color=&#8220;#eeeeee&#8220; custom_margin=&#8220;0px||0px||false|false&#8220; custom_padding=&#8220;0px||0px||false|false&#8220; custom_padding_tablet=&#8220;5%||5%||false|false&#8220; custom_padding_phone=&#8220;&#8220; global_module=&#8220;137&#8243; saved_tabs=&#8220;all&#8220; global_colors_info=&#8220;{}&#8220;][et_pb_row column_structure=&#8220;3_4,1_4&#8243; use_custom_gutter=&#8220;on&#8220; gutter_width=&#8220;1&#8243; make_equal=&#8220;on&#8220; module_id=&#8220;float&#8220; _builder_version=&#8220;4.16&#8243; background_color=&#8220;#0a9534&#8243; background_size=&#8220;initial&#8220; background_position=&#8220;top_left&#8220; background_repeat=&#8220;repeat&#8220; width=&#8220;320px&#8220; width_tablet=&#8220;&#8220; width_phone=&#8220;&#8220; width_last_edited=&#8220;on|tablet&#8220; custom_margin=&#8220;|||-241px|false|false&#8220; custom_margin_tablet=&#8220;|10%||10%|false|false&#8220; custom_margin_phone=&#8220;&#8220; custom_margin_last_edited=&#8220;on|tablet&#8220; custom_padding=&#8220;0px||0px||false|false&#8220; module_alignment_tablet=&#8220;center&#8220; module_alignment_phone=&#8220;&#8220; module_alignment_last_edited=&#8220;on|tablet&#8220; border_radii=&#8220;off||10px|10px|&#8220; border_radii_tablet=&#8220;off||0px|0px|&#8220; border_radii_phone=&#8220;&#8220; border_radii_last_edited=&#8220;on|desktop&#8220; global_colors_info=&#8220;{}&#8220; custom_margin__hover_enabled=&#8220;on|desktop&#8220; custom_margin__hover=&#8220;|||0px|false|false&#8220;][et_pb_column type=&#8220;3_4&#8243; _builder_version=&#8220;4.16&#8243; custom_padding=&#8220;|5px||5px|false|false&#8220; border_width_right=&#8220;1px&#8220; border_color_right=&#8220;#cccccc&#8220; global_colors_info=&#8220;{}&#8220; custom_padding__hover=&#8220;|||&#8220;][et_pb_text _builder_version=&#8220;4.16&#8243; background_color=&#8220;#ffffff&#8220; custom_margin=&#8220;10px||1px||false|false&#8220; custom_padding=&#8220;0px||0px|15px|false|false&#8220; link_option_url=&#8220;http:\/\/segway-in-steyr.at\/sis\/home\/&#8220; global_colors_info=&#8220;{}&#8220;]<\/p>\n<h3>Frage? beantwortet!<\/h3>\n<p>[\/et_pb_text][et_pb_text _builder_version=&#8220;4.16&#8243; background_color=&#8220;#ffffff&#8220; custom_margin=&#8220;0px||1px||false|false&#8220; custom_padding=&#8220;0px||0px|15px|false|false&#8220; link_option_url=&#8220;www.segway-in-steyr.at\/sis\/touren&#8220; global_colors_info=&#8220;{}&#8220;]<\/p>\n<h3>Schwebe &#8211; Erlebnisse<\/h3>\n<p>[\/et_pb_text][et_pb_text _builder_version=&#8220;4.16&#8243; background_color=&#8220;#ffffff&#8220; custom_margin=&#8220;0px||1px||false|false&#8220; custom_padding=&#8220;0px||0px|15px|false|false&#8220; link_option_url=&#8220;www.segway-in-steyr.at\/sis\/gliders-club&#8220; global_colors_info=&#8220;{}&#8220;]<\/p>\n<h3>GlidersClub<\/h3>\n<p>[\/et_pb_text][et_pb_text _builder_version=&#8220;4.16&#8243; background_color=&#8220;#ffffff&#8220; custom_margin=&#8220;0px||1px||false|false&#8220; custom_padding=&#8220;0px||0px|15px|false|false&#8220; link_option_url=&#8220;http:\/\/www.mohumo.at\/boardingarea&#8220; link_option_url_new_window=&#8220;on&#8220; global_colors_info=&#8220;{}&#8220;]<\/p>\n<h3>HeuteMorgen<\/h3>\n<p>[\/et_pb_text][et_pb_text _builder_version=&#8220;4.16&#8243; background_color=&#8220;#ffffff&#8220; custom_margin=&#8220;0px||10px||false|false&#8220; custom_padding=&#8220;0px||0px|15px|false|false&#8220; link_option_url=&#8220;www.bookeo.com\/segwayinsteyr&#8220; link_option_url_new_window=&#8220;on&#8220; global_colors_info=&#8220;{}&#8220;]<\/p>\n<h3>Online BUCHEN Seite<\/h3>\n<p>[\/et_pb_text][\/et_pb_column][et_pb_column type=&#8220;1_4&#8243; _builder_version=&#8220;4.16&#8243; custom_padding=&#8220;|5px||5px|false|false&#8220; custom_css_main_element=&#8220;display: flex;||flex-direction: column;||justify-content: center;&#8220; border_width_right=&#8220;1px&#8220; border_color_right=&#8220;#cccccc&#8220; global_colors_info=&#8220;{}&#8220; custom_padding__hover=&#8220;|||&#8220;][et_pb_text disabled_on=&#8220;on|on|off&#8220; _builder_version=&#8220;4.16&#8243; header_text_color=&#8220;#ffffff&#8220; header_font_size=&#8220;20px&#8220; text_orientation=&#8220;center&#8220; global_colors_info=&#8220;{}&#8220;]<\/p>\n<h1>Men\u00fc<\/h1>\n<p>[\/et_pb_text][\/et_pb_column][\/et_pb_row][\/et_pb_section][et_pb_section fb_built=&#8220;1&#8243; admin_label=&#8220;section&#8220; _builder_version=&#8220;4.16&#8243; background_color=&#8220;#eeeeee&#8220; custom_padding=&#8220;40px|||||&#8220; global_colors_info=&#8220;{}&#8220;][et_pb_row column_structure=&#8220;1_4,1_4,1_4,1_4&#8243; use_custom_gutter=&#8220;on&#8220; gutter_width=&#8220;1&#8243; make_equal=&#8220;on&#8220; admin_label=&#8220;row&#8220; module_class=&#8220;gq_r_fixed_buttons&#8220; _builder_version=&#8220;4.16&#8243; background_size=&#8220;initial&#8220; background_position=&#8220;top_left&#8220; background_repeat=&#8220;repeat&#8220; module_alignment=&#8220;center&#8220; custom_margin=&#8220;||20px||false|false&#8220; custom_padding=&#8220;0px|0px||0px|false|false&#8220; global_colors_info=&#8220;{}&#8220;][et_pb_column type=&#8220;1_4&#8243; _builder_version=&#8220;4.16&#8243; custom_padding=&#8220;|5px||5px|false|false&#8220; border_width_right=&#8220;1px&#8220; border_color_right=&#8220;#cccccc&#8220; global_colors_info=&#8220;{}&#8220; custom_padding__hover=&#8220;|||&#8220;][et_pb_text admin_label=&#8220;Text&#8220; _builder_version=&#8220;4.16&#8243; background_size=&#8220;initial&#8220; background_position=&#8220;top_left&#8220; background_repeat=&#8220;repeat&#8220; custom_padding=&#8220;||10px||false|false&#8220; global_colors_info=&#8220;{}&#8220;]<\/p>\n<h1>Me and my Segway<\/h1>\n<p>[\/et_pb_text][et_pb_text content_last_edited=&#8220;off|desktop&#8220; admin_label=&#8220;Text&#8220; _builder_version=&#8220;4.16&#8243; background_size=&#8220;initial&#8220; background_position=&#8220;top_left&#8220; background_repeat=&#8220;repeat&#8220; custom_margin=&#8220;0px||0px||false|false&#8220; custom_padding=&#8220;0px||0px||false|false&#8220; global_colors_info=&#8220;{}&#8220; content__hover_enabled=&#8220;off|desktop&#8220;]<\/p>\n<p><strong>mams 2023<br \/><\/strong><\/p>\n<p>Segwaybesitzer, Freaks und Segway Profis (Touren, Events,&#8230;) die sich f\u00fcr eine Woche (oder k\u00fcrzer) in Steyr treffen<\/p>\n<p>Steyr hat sich als die optimaler Veranstaltungsort f\u00fcr dieses Treffen erwiesen und darum pilgern unsere Freunde von USA bis Indien bis nach Steyr um eine Woche in unserer wunderbaren Gegend zu erleben.<\/p>\n<p><span><\/span><\/p>\n<p>[\/et_pb_text][\/et_pb_column][et_pb_column type=&#8220;1_4&#8243; _builder_version=&#8220;4.16&#8243; custom_padding=&#8220;|5px||5px|false|false&#8220; border_width_right=&#8220;1px&#8220; border_color_right=&#8220;#cccccc&#8220; global_colors_info=&#8220;{}&#8220; custom_padding__hover=&#8220;|||&#8220;][et_pb_text admin_label=&#8220;Text&#8220; _builder_version=&#8220;4.21.0&#8243; background_size=&#8220;initial&#8220; background_position=&#8220;top_left&#8220; background_repeat=&#8220;repeat&#8220; custom_padding=&#8220;||10px||false|false&#8220; hover_enabled=&#8220;0&#8243; global_colors_info=&#8220;{}&#8220; sticky_enabled=&#8220;0&#8243;]<\/p>\n<h1><strong>Agenda<\/strong><\/h1>\n<p>[\/et_pb_text][et_pb_text admin_label=&#8220;Text&#8220; _builder_version=&#8220;4.21.0&#8243; background_size=&#8220;initial&#8220; background_position=&#8220;top_left&#8220; background_repeat=&#8220;repeat&#8220; custom_margin=&#8220;0px||0px||false|false&#8220; custom_padding=&#8220;0px||0px||false|false&#8220; hover_enabled=&#8220;0&#8243; global_colors_info=&#8220;{}&#8220; sticky_enabled=&#8220;0&#8243;]<\/p>\n<h4><strong><span class=\"caps\">Montag 29. 5. 2023<\/span><\/strong><\/h4>\n<p><strong>12\u201314 Uhr Base Open<\/strong><\/p>\n<p><strong>14\u201318.30 Uhr WarmUpGlide<br \/><\/strong><\/p>\n<p><strong>20 Uhr NightGlide<\/strong><\/p>\n<p><strong><\/strong><\/p>\n<h4><strong><span class=\"caps\">Dienstag 30. 5. 2023<\/span><\/strong><\/h4>\n<p><strong>09\u201310 Uhr Base Open<\/strong><\/p>\n<p><strong>10\u201312 Uhr MorningGlide<br \/><\/strong><\/p>\n<p><strong>14\u201318 Uhr AfternoonGlide<\/strong><\/p>\n<p><strong>20 Uhr NightGlide<\/strong><\/p>\n<h4><strong><span class=\"caps\">Mittwoch 31. 5. 2023<\/span><\/strong><\/h4>\n<p><strong>09\u201310 Uhr Base Open<\/strong><\/p>\n<p><strong>10\u201312 Uhr MorningGlide<br \/><\/strong><\/p>\n<p><strong>14\u201318 Uhr AfternoonGlide<\/strong><\/p>\n<p><strong>20 Uhr NightGlide<\/strong><\/p>\n<h4><strong><span class=\"caps\">Donnerstag 1. 6. 2023<\/span><\/strong><\/h4>\n<p><strong>09\u201310 Uhr Base Open<\/strong><\/p>\n<p><strong>10\u201312 Uhr MorningGlide<br \/><\/strong><\/p>\n<p><strong>14\u201318 Uhr AfternoonGlide<\/strong><\/p>\n<p><strong>20 Uhr NightGlide<\/strong><\/p>\n<h4><strong><span class=\"caps\">Freitag 2. 6. 2023<\/span><\/strong><\/h4>\n<p><strong>09\u201310 Uhr Base Open<\/strong><\/p>\n<p><strong>10\u201312 Uhr MorningGlide<br \/><\/strong><\/p>\n<p><strong>14\u201318 Uhr AfternoonGlide<\/strong><\/p>\n<p><strong>20 Uhr NightGlide<\/strong><\/p>\n<h4><strong><span class=\"caps\">Samstag 3. 6. 2023<\/span><\/strong><\/h4>\n<p><strong>09\u201310 Uhr Base Open<\/strong><\/p>\n<p><strong>10\u201312 Uhr MorningGlide<br \/><\/strong><\/p>\n<p><strong>14\u201318 Uhr AfternoonGlide<\/strong><\/p>\n<p><strong>20 Uhr NightGlide<\/strong><\/p>\n<h4><strong><span class=\"caps\">Samstag 3. 6. 2023<\/span><\/strong><\/h4>\n<p><strong>09\u201310 Uhr Base Open<\/strong><\/p>\n<p><strong>10\u201313 Uhr FinalGlide<br \/><\/strong><\/p>\n<p><strong>13\u201314 Uhr FarewellLunch<\/strong><\/p>\n<p>[\/et_pb_text][\/et_pb_column][et_pb_column type=&#8220;1_4&#8243; _builder_version=&#8220;4.16&#8243; custom_padding=&#8220;|5px||5px|false|false&#8220; border_width_right=&#8220;1px&#8220; border_color_right=&#8220;#cccccc&#8220; global_colors_info=&#8220;{}&#8220; custom_padding__hover=&#8220;|||&#8220;][et_pb_text admin_label=&#8220;Text&#8220; _builder_version=&#8220;4.21.0&#8243; background_size=&#8220;initial&#8220; background_position=&#8220;top_left&#8220; background_repeat=&#8220;repeat&#8220; custom_padding=&#8220;||10px||false|false&#8220; hover_enabled=&#8220;0&#8243; global_colors_info=&#8220;{}&#8220; sticky_enabled=&#8220;0&#8243;]<\/p>\n<h1><strong>Anmeldung<\/strong><\/h1>\n<p>[\/et_pb_text][et_pb_text admin_label=&#8220;Text&#8220; _builder_version=&#8220;4.21.0&#8243; background_size=&#8220;initial&#8220; background_position=&#8220;top_left&#8220; background_repeat=&#8220;repeat&#8220; custom_margin=&#8220;0px||0px||false|false&#8220; custom_padding=&#8220;0px||0px||false|false&#8220; hover_enabled=&#8220;0&#8243; global_colors_info=&#8220;{}&#8220; sticky_enabled=&#8220;0&#8243;]<\/p>\n<h4><strong><span class=\"caps\">Subheadline<br \/><\/span><\/strong><span class=\"caps\"><span style=\"color: #0a0a0a; font-family: Open Sans, Arial, sans-serif;\"><span style=\"font-size: 12px;\">Text<\/span><\/span><\/span><\/h4>\n<p><strong>Zwischentitel<\/strong><span><br \/><\/span>Text<strong><\/strong><strong><a target=\"_blank\" linktype=\"2\" href=\"mailto:erlebnisse@segway-in-steyr.at?subject=ja%2C%20wir%20haben%20interesse%20an%20einer%20segway%20tour.%20wir%20tragen%20nur%20das%20ein%20was%20wir%20wissen%20%3B)&amp;body=Datum%3A%0AUhrzeit:%0ATourvariante%20%2F%20L%C3%A4nge:%0AAnzahl%20Teilnehmer:%0AWunschGuide%3A%0A%0Aganz%20liebe%20gr%C3%BCsse%20aus%3A%0A%0AHandynummer%3A\" rel=\"noopener noreferrer\"><\/a><\/strong><\/p>\n<p>[\/et_pb_text][\/et_pb_column][et_pb_column type=&#8220;1_4&#8243; _builder_version=&#8220;4.16&#8243; custom_padding=&#8220;|5px||5px|false|false&#8220; border_width_right=&#8220;1px&#8220; border_color_right=&#8220;#cccccc&#8220; global_colors_info=&#8220;{}&#8220; custom_padding__hover=&#8220;|||&#8220;][et_pb_text admin_label=&#8220;Text&#8220; _builder_version=&#8220;4.21.0&#8243; background_size=&#8220;initial&#8220; background_position=&#8220;top_left&#8220; background_repeat=&#8220;repeat&#8220; custom_padding=&#8220;||10px||false|false&#8220; hover_enabled=&#8220;0&#8243; global_colors_info=&#8220;{}&#8220; sticky_enabled=&#8220;0&#8243;]<\/p>\n<h1><strong>Headline<\/strong><\/h1>\n<p>[\/et_pb_text][et_pb_text admin_label=&#8220;Text&#8220; _builder_version=&#8220;4.21.0&#8243; background_size=&#8220;initial&#8220; background_position=&#8220;top_left&#8220; background_repeat=&#8220;repeat&#8220; custom_margin=&#8220;0px||0px||false|false&#8220; custom_padding=&#8220;0px||0px||false|false&#8220; hover_enabled=&#8220;0&#8243; global_colors_info=&#8220;{}&#8220; sticky_enabled=&#8220;0&#8243;]<\/p>\n<h4><strong><span class=\"caps\">Subheadline<br \/><\/span><\/strong><span class=\"caps\"><span style=\"color: #0a0a0a; font-family: Open Sans, Arial, sans-serif;\"><span style=\"font-size: 12px;\">Text<\/span><\/span><\/span><\/h4>\n<p><strong>Zwischentitel<\/strong><span><br \/><\/span>Text<strong><\/strong><strong><a target=\"_blank\" linktype=\"2\" href=\"mailto:erlebnisse@segway-in-steyr.at?subject=ja%2C%20wir%20haben%20interesse%20an%20einer%20segway%20tour.%20wir%20tragen%20nur%20das%20ein%20was%20wir%20wissen%20%3B)&amp;body=Datum%3A%0AUhrzeit:%0ATourvariante%20%2F%20L%C3%A4nge:%0AAnzahl%20Teilnehmer:%0AWunschGuide%3A%0A%0Aganz%20liebe%20gr%C3%BCsse%20aus%3A%0A%0AHandynummer%3A\" rel=\"noopener noreferrer\"><\/a><\/strong><\/p>\n<p>[\/et_pb_text][\/et_pb_column][\/et_pb_row][\/et_pb_section]<\/p>\n","protected":false},"excerpt":{"rendered":"<p>Frage? beantwortet!Schwebe &#8211; ErlebnisseGlidersClubHeuteMorgenOnline BUCHEN SeiteMen\u00fcMe and my Segwaymams 2023 Segwaybesitzer, Freaks und Segway Profis (Touren, Events,&#8230;) die sich f\u00fcr eine Woche (oder k\u00fcrzer) in Steyr treffen Steyr hat sich als die optimaler Veranstaltungsort f\u00fcr dieses Treffen erwiesen und darum pilgern unsere Freunde von USA bis Indien bis nach Steyr um eine Woche in unserer [&hellip;]<\/p>\n","protected":false},"author":1,"featured_media":0,"parent":0,"menu_order":0,"comment_status":"closed","ping_status":"closed","template":"","meta":{"_et_pb_use_builder":"on","_et_pb_old_content":"<!-- wp:paragraph -->\r\n<p>Dies ist eine Beispiel-Seite. Sie unterscheidet sich von Beitr\u00e4gen, da sie stets an derselben Stelle bleibt und (bei den meisten Themes) in der Website-Navigation angezeigt wird. Die meisten starten mit einem Impressum, der Datenschutzerkl\u00e4rung oder einer \u201e\u00dcber\u00a0uns\u201c-Seite, um sich potenziellen Besuchern der Website vorzustellen. Dort k\u00f6nnte zum Beispiel stehen:<\/p>\r\n<!-- \/wp:paragraph -->\r\n\r\n<!-- wp:quote -->\r\n<blockquote class=\"wp-block-quote\"><p>Hallo! Tags\u00fcber arbeite ich als Fahrradkurier, nachts bin ich ein aufstrebender Schauspieler und dies hier ist meine Website. Ich lebe in Berlin, habe einen gro\u00dfen Hund namens Jack, mag Pi\u00f1a Coladas, jedoch weniger (ohne Schirm) im Regen stehen gelassen zu werden.<\/p><\/blockquote>\r\n<!-- \/wp:quote -->\r\n\r\n<!-- wp:paragraph -->\r\n<p>...oder so etwas wie das hier:<\/p>\r\n<!-- \/wp:paragraph -->\r\n\r\n<!-- wp:quote -->\r\n<blockquote class=\"wp-block-quote\"><p>Das Unternehmen XYZ wurde 1971 gegr\u00fcndet und versorgt die \u00d6ffentlichkeit seither mit qualitativ hochwertigen Produkten. An seinem Standort in einer kleinen Gro\u00dfstadt besch\u00e4ftigt der Betrieb \u00fcber 2.000 Menschen und unterst\u00fctzt die Stadtbewohner in vielfacher Hinsicht.<\/p><\/blockquote>\r\n<!-- \/wp:quote -->\r\n\r\n<!-- wp:paragraph -->\r\n<p>Als neuer WordPress-Benutzer solltest du <a href=\"http:\/\/segway-in-steyr.at\/sis\/wp-admin\/\">dein Dashboard<\/a> aufrufen, um diese Seite zu l\u00f6schen und neue Seiten und Beitr\u00e4ge f\u00fcr deine Website erstellen. Viel Spa\u00df!<\/p>\r\n<!-- \/wp:paragraph -->","_et_gb_content_width":"","footnotes":""},"class_list":["post-670","page","type-page","status-publish","hentry"],"_links":{"self":[{"href":"https:\/\/segway-in-steyr.at\/sis\/wp-json\/wp\/v2\/pages\/670","targetHints":{"allow":["GET"]}}],"collection":[{"href":"https:\/\/segway-in-steyr.at\/sis\/wp-json\/wp\/v2\/pages"}],"about":[{"href":"https:\/\/segway-in-steyr.at\/sis\/wp-json\/wp\/v2\/types\/page"}],"author":[{"embeddable":true,"href":"https:\/\/segway-in-steyr.at\/sis\/wp-json\/wp\/v2\/users\/1"}],"replies":[{"embeddable":true,"href":"https:\/\/segway-in-steyr.at\/sis\/wp-json\/wp\/v2\/comments?post=670"}],"version-history":[{"count":3,"href":"https:\/\/segway-in-steyr.at\/sis\/wp-json\/wp\/v2\/pages\/670\/revisions"}],"predecessor-version":[{"id":675,"href":"https:\/\/segway-in-steyr.at\/sis\/wp-json\/wp\/v2\/pages\/670\/revisions\/675"}],"wp:attachment":[{"href":"https:\/\/segway-in-steyr.at\/sis\/wp-json\/wp\/v2\/media?parent=670"}],"curies":[{"name":"wp","href":"https:\/\/api.w.org\/{rel}","templated":true}]}}